 - 62674. List the prime factors of q.
3, 5, 61
Let d = -4 + 8. Suppose -d*y + 67 = -65. List the prime factors of y.
3, 11
Suppose -5*f + 2646 = 2*u, -6*u = -8*u + 4*f + 2610. List the prime factors of u.
13, 101
Suppose -2*p - 4 = 0, -x + 3*x + 2*p + 326 = 0. Let a = 296 + x. What are the prime factors of a?
3, 5
Let v = -519 + 1029. List the prime factors of v.
2, 3, 5, 17
Suppose g - 2*g = 0. Let c = g - -2. Suppose c*v = -3*v - 5*m + 115, 5*m + 119 = 4*v. What are the prime factors of v?
2, 13
Let l = 614 - 425. What are the prime factors of l?
3, 7
Let t(v) = -4*v - 12. Let r(l) = 4*l + 11. Let s(i) = -3*r(i) - 4*t(i). Let q(x) = -8*x - 31. Let d(c) = 6*q(c) + 11*s(c). What are the prime factors of d(-14)?
5, 7
Let r be ((-4)/6)/(1/((-9)/2)). Suppose -4*y + 3*k = 6*k - 590, 0 = r*y - 5*k - 457. What are the prime factors of y?
149
Let l(w) = -2*w + 18. Let c be l(11). Let b be c/(-18) + 50988/189. Suppose -b = -2*s - 3*s. What are the prime factors of s?
2, 3
Suppose 4*g + 2*c - 18 = 0, -g + 0*c = 2*c. Let w be ((-2 - -1)*0)/(-1). Suppose -3*y = -3*p - g, 2*p - 8 = -w*y - y. List the prime factors of p.
2
Suppose -2*v + 1037 = 3*b, v - 127 = -2*b + 566. What are the prime factors of b?
349
Let j = 35 + -33. What are the prime factors of (-26)/(j + -4 + 1)?
2, 13
Let s = -3207 + 4948. What are the prime factors of s?
1741
Suppose 0 = -2*i + 3*u + 26 + 2, 5*i + 2*u = 70. Suppose 6 - i = -4*k. What are the prime factors of k?
2
Let d(w) = w**3 + 23*w**2 - w - 50. What are the prime factors of d(-21)?
853
Suppose 0 = 7*o - 2*o - 20. Suppose -2*h + o*h = 22. Suppose 23 + h = a. What are the prime factors of a?
2, 17
Let j = 5641 + -2898. What are the prime factors of j?
13, 211
Let n = -15 - -21. What are the prime factors of (-24)/15*-5*n?
2, 3
Let h be 9 - (1 - 0/2). Let w(k) = -3*k**2 - 37*k - 24. Let s(m) = -5*m**2 - 56*m - 36. Let x(b) = 5*s(b) - 8*w(b). What are the prime factors of x(h)?
2, 19
Let j(m) = -6*m - 6. Let c be j(-15). Suppose 5*x + u - 266 + c = 0, u = -4*x + 145. List the prime factors of x.
37
Let f(g) = -2*g**2 - 12*g - 5. Let k be f(-5). Suppose -4*q + 5*c + 38 = 3*c, k*c + 32 = q. Suppose q*h = 6*h + 4. List the prime factors of h.
2
Suppose 2*g + 2*g = -8. What are the prime factors of 1 + g/4*-194?
2, 7
Let a(f) = f - 1. Let v(c) = -5*c - 23. Let i(o) = -6*a(o) + v(o). Let x be i(-5). Let l = x - 19. What are the prime factors of l?
19
Let q = -10 - -19. Let h be 2/(-8) - 178/(-8). Let y = h - q. What are the prime factors of y?
13
Suppose 3*r = -3*o + 1839, -1 = 2*o - 7. List the prime factors of r.
2, 5, 61
Suppose -4*a = 5*u - 8*a + 4, 0 = 5*a - 5. Suppose u = -8*l + 4*l + 776. What are the prime factors of l?
2, 97
Let f(w) = 137*w**2 - w - 1. What are the prime factors of f(2)?
5, 109
Let s(g) = -5*g**2 + g - 2. Let l be s(1). Let q = 6 + l. Suppose q = -i - 4 + 28. List the prime factors of i.
2, 3
Let r(t) = t**3 - 4*t**2 + 6*t - 6. Let q be r(5). Let o = 93 - q. Let v = 69 - o. What are the prime factors of v?
5
What are the prime factors of (-90)/(-180) + 1183/2?
2, 37
Let c(a) be the second derivative of a**3/6 + 4*a**2 + 15*a. What are the prime factors of c(-3)?
5
Let p(l) = -l**3 - 9*l**2 + 11*l + 8. Let o = 4 - 14. Let y be p(o). What are the prime factors of ((-35)/10)/(1/y)?
7
Let c = 217 + 653. What are the prime factors of c?
2, 3, 5, 29
Let o(k) = 5*k + 264. List the prime factors of o(26).
2, 197
Let c = -37 - -40. Suppose n + 28 = 2*n - 3*l, -c*l = 3*n - 36. Let p = 0 + n. What are the prime factors of p?
2
What are the prime factors of 2*(-3)/(30/(-65))?
13
Let n(q) be the first derivative of q**6/360 + q**5/40 - 7*q**4/12 - q**3/3 + 9. Let d(c) be the third derivative of n(c). What are the prime factors of d(7)?
2, 7
What are the prime factors of 1 + 3 + -2 - -1295?
1297
Suppose -l = c - 2 - 1, -5*l + 11 = c. Suppose l*y = -3*a + 259, 0 = y + a - 25 - 103. Suppose p + 2 = 0, -4*n + 29 + y = p. What are the prime factors of n?
3, 13
Let t(m) be the first derivative of m**4/4 - 11*m**3/3 + m**2/2 - 11*m - 1. Let l be t(11). Suppose 2*c - 64 + 18 = l. What are the prime factors of c?
23
Let z be (12/(-18))/(1/(-6)). What are the prime factors of 722/9 - z/(-18)*-1?
2, 5
Suppose -2*c + 28*r - 32*r = -3058, r = -c + 1534. What are the prime factors of c?
3, 19
Let f = -54 + -46. Let l = f + 164. What are the prime factors of l?
2
List the prime factors of 18/(-144) - 1473/(-8).
2, 23
Suppose -u + 5*l = -1, 0 = -3*u + 3*l + 2*l + 33. Suppose 5*x + 25 = 0, 0 = -t + 2*t - 2*x - u. Suppose -t*w = -3*w - 132. List the prime factors of w.
2, 11
Let k be 32/14 + (-20)/70. Suppose k*l - l = 53. Suppose 4*b - 173 = -l. What are the prime factors of b?
2, 3, 5
List the prime factors of (-69 - -79) + (-3814)/(-2).
3, 71
Let n = -290 - -298. List the prime factors of n.
2
Let u be (29*8 - 3)*-1*-2. Suppose 3*d + 94 = 5*v + 800, -3*v = 2*d - u. What are the prime factors of d?
2, 29
List the prime factors of (-15)/(-10) + (-2832)/(-32).
2, 3, 5
Let k = 2559 + -1760. List the prime factors of k.
17, 47
Let m be (-3)/2 + (-135)/(-10). Suppose 4*w + m = 108. List the prime factors of w.
2, 3
Let y be 9/(90/(-496)) + (-4)/10. Suppose 93 = -2*f - 123. Let z = y - f. List the prime factors of z.
2, 29
Suppose -17*x - 1655 + 5650 = 0. What are the prime factors of x?
5, 47
What are the prime factors of (1/(4/(-8)))/(6/(-723))?
241
What are the prime factors of (141/3)/(2/30*3)?
5, 47
Suppose -d = -138 + 117. Let k(g) = 7*g**2 + 3*g - 4. Let v be k(-3). Suppose -r = -d - v. What are the prime factors of r?
71
Let b = -1274 - -2967. What are the prime factors of b?
1693
Let r(v) = 2*v - 75. Let x be r(26). Let n(s) = -s**3 - 23*s**2 - 6*s - 5. List the prime factors of n(x).
7, 19
Let i = -5 + -4. Let c = -4 - i. Let r = 15 - c. List the prime factors of r.
2, 5
Suppose -3*g = 19 - 25. Suppose 2*r - g*l - 504 = 0, l + l + 252 = r. List the prime factors of r.
2, 3, 7
Let k(h) be the first derivative of 3*h**2/2 + 49*h - 50. Let p be 2/(-5) - 2/(-5). What are the prime factors of k(p)?
7
Let x(w) = w**3 - 4*w**2 + 8*w + 3. List the prime factors of x(12).
3, 139
Suppose -4*h + 1650 + 1230 = f, 0 = -3*f + 2*h + 8598. List the prime factors of f.
2, 3, 239
Let d = 27 - 25. Suppose 2*o - 70 = -4*x + d*x, o - 5*x - 65 = 0. Suppose o = -s + 3*s. What are the prime factors of s?
2, 5
Suppose d - 331 = 2*x + 939, d - 1286 = -2*x. List the prime factors of d.
2, 3, 71
Let u be (160/120)/((-5)/3 - -2). Suppose -7*h - u*r + 952 = -4*h, -5 = r. What are the prime factors of h?
2, 3
Let d(k) = -k**2 - 41*k - 30. List the prime factors of d(-17).
2, 3, 7
List the prime factors of ((-20)/(-16) - 2)/(1/(-2212)).
3, 7, 79
Let t(a) = a**3 + 4*a**2 + a - 1. Let g be t(-3). Suppose g*w - 22 = 23. Suppose -2*b = b - w. List the prime factors of b.
3
Let n(h) = -h**3 - 18*h**2 - 16*h + 25. Let x be n(-17). Suppose -x = -w + 4. What are the prime factors of w?
2, 3
Suppose -6*c + 4 = -3*d - 2*c, 4 = 3*d + 4*c. Suppose -5*a + 200 = 6*s - s, d = -5*s + 20. What are the prime factors of a?
2, 3
Let a = 20 + -12. Suppose 0 = -a*k - 350 + 958. List the prime factors of k.
2, 19
Let c = -7008 - -9992. List the prime factors of c.
2, 373
Suppose 3*o + 23 = 2*j, 27 = 5*j - 4*o - 13. Suppose j*l - 12 = l. What are the prime factors of 84*((-6)/l - -2)?
2, 3, 7
Let b = -76 - -3721. What are the prime factors of b?
3, 5
Let s be (60/(-8))/((-6)/4 - -1). Let t(w) = 8*w - 19. What are the prime factors of t(s)?
101
Suppose 0 = 46*s - 50*s + 104. Suppose 4*i + 1 + 1 = b, -4*b + 5*i - 14 = 0. Let a = s + b. What are the prime factors of a?
2, 5
Suppose 2*v - 48 = 24. Let f = -22 + v. List the prime factors of f.
2, 7
Suppose 5*y - 2*f - 4417 = 0, 0 = 18*y - 20*y + 3*f + 1769. List the prime factors of y.
883
Let u = -1824 + 3125. List the prime factors of u.
1301
Let q(l) = -3*l**3 + 9*l**2 + 5*l + 14. List the prime factors of q(-4).
2, 3, 5, 11
Let r be 8/(-6)*(6 + -9). Suppose r*x + x - 165 = 0. List the prime factors of x.
3, 11
Suppose -4*t = 22 - 54. Suppose -t*w - 4*w = -1716. List the prime factors of w.
11, 13
Let d be 1/3 - 38871/(-27). Suppose -21*g + d = -5*g. What are the prime factors of g?
2, 3, 5
Let r(d) = 31*d**2 + 52*d - 54*d - 3*d**